 p be u(-9). Calculate the greatest common divisor of p and 13.
1
Let d be (4 + -3)/(-1 + 804/800). Calculate the highest common divisor of 15 and d.
5
Let j = 11068 - 11024. What is the greatest common divisor of j and 869?
11
Suppose -186*s + 36832 = -61*s - 33168. What is the highest common factor of 1330 and s?
70
Let g(p) = -p**2 - 24*p + 6. Let l be g(-22). Suppose -l = -2*s - 64. Let a = 23 - s. What is the highest common factor of a and 6?
6
Let m(u) = 6*u - 136. Let k = 240 + -217. Let h be m(k). What is the highest common factor of 18 and h?
2
Let g be -2*(-11)/6*6. Suppose 12*x = 1539 + 8961. Let f = x - 864. What is the greatest common divisor of g and f?
11
Suppose 10*d - 22 = 18. Suppose -d*q - 98 = -5*n + 182, -3*n + 3*q + 168 = 0. What is the greatest common factor of n and 280?
56
Let f = 92 + 367. Suppose -815*w + 969 = -796*w. Calculate the greatest common factor of f and w.
51
Let r be (-5 + 1)/((-8)/6). Suppose 5 = -r*f - 5*p + 50, -5*p - 60 = -4*f. Calculate the highest common divisor of 15 and f.
15
Suppose 0 = 194*l - 203441 - 635609. What is the greatest common factor of 75 and l?
25
Suppose -436*p + 513*p = 56826. What is the greatest common factor of 12 and p?
6
Suppose 0 = 5*g - 18 + 3. Suppose 5*p - t - 105 = 0, g*p - 4*t + 80 = 8*p. What is the greatest common factor of p and 220?
20
Suppose 3*u - 90 = -3*y, -4*y + 2*u - 32 = -5*y. Let v be (-150)/(-7) - (-16)/y. Calculate the greatest common factor of 33 and v.
11
Suppose 0 = 76*n - 69*n + 1771. Let r = n - -272. What is the highest common divisor of 247 and r?
19
Let f(o) = -3163*o + 17778. Let c be f(-10). Calculate the highest common divisor of 193 and c.
193
Let k(t) = 22*t**2 + 2*t + 1. Let o be k(-1). Suppose 81*j - 149*j + 12852 = 0. Calculate the highest common factor of j and o.
21
Suppose -50 = -18*q - 7*q. Let p be (-343)/((q - 0) + (-24)/8). Calculate the highest common factor of p and 49.
49
Let q(y) = y**2 + 5*y + 21. Let l be q(-8). Suppose -4*p + l = -5*i, 2*i - 5 = -3*p + 46. Suppose 23 - 98 = -b. Calculate the greatest common factor of b and p.
15
Let n(h) = -h**3 - 23*h**2 - 5*h - 65. Let l be n(-23). Let p = -116 + 241. What is the highest common divisor of l and p?
25
Let o(j) = 5*j + 23. Let v be o(-4). Let i be (-10 - -7)*(-16)/v. What is the highest common divisor of 144 and i?
16
Let o be (-1)/4 + 81/4. Suppose 0 = 4*h - 3*k - 14, -3*h = -5*h - 4*k - 4. Let s(a) = 25*a. Let r be s(h). Calculate the greatest common divisor of o and r.
10
Let w(d) = -3*d**2 - 75*d + 198. Let s be w(-15). What is the highest common factor of 912 and s?
24
Suppose -40*r + 9*r + 3038 = 0. What is the greatest common factor of 392 and r?
98
Let l(f) = -17*f + 21. Let u be l(-8). Let t = u + -34. Suppose 4*n - 9 = t. Calculate the greatest common factor of 22 and n.
11
Let c(f) = -f**2 + 79*f - 513. Let x be c(71). Calculate the greatest common factor of 40 and x.
5
Suppose -2 = -2*t - f, -2*t + 3*f - 7*f - 10 = 0. Let o be -699*5/t*1. Let q be (-4)/6 + o/(-15). Calculate the greatest common factor of q and 7.
7
Let m = -1749 - -1812. What is the greatest common factor of 91 and m?
7
Suppose 6*q = 88 - 4. Suppose 0 = 2*f - 3*f - q. Let a be (-354)/f - 2/7. What is the greatest common factor of a and 5?
5
Let l(f) = 3*f**2 - 7*f + 10. Let t be l(4). Suppose -48*u + 43*u - 4*q = -70, 3*u = -3*q + 39. Calculate the highest common divisor of t and u.
6
Let f(h) = 6*h**3 + 0*h**3 + 9*h**3 - 5*h**3. Let i be f(4). What is the highest common factor of i and 32?
32
Let y be 693026/12405 - 4/(-30). Calculate the highest common factor of 21980 and y.
28
Suppose -8*s + 3*s = -2*c - 406, 0 = 2*s + 3*c - 170. Calculate the highest common divisor of 615 and s.
41
Let i = -1523 + 1615. What is the highest common factor of 24 and i?
4
Let h(g) = -509*g**2 + 3581*g - 9. Let y be h(7). Suppose -4*t = -3*t - 39. Calculate the greatest common factor of y and t.
39
Let h be (-10 - -299 - 13) + -3 + -1. Calculate the greatest common divisor of h and 204.
68
Let a be 27/18 - (-2 + 1155/(-6)). Suppose 7*l - a = 14. What is the highest common factor of 120 and l?
30
Let n be (117/(-78))/(3/(-3022)) - -7. Calculate the highest common factor of n and 552.
138
Let p be (-634)/(-6) - 16*10/(-120). What is the greatest common divisor of p and 535?
107
Let k be (-1)/(-8 - -7)*16. Let h(n) = 113*n**2 - 1. Let q be h(1). Calculate the greatest common divisor of q and k.
16
Let h be ((-1002)/4)/((-204)/11832). Calculate the highest common divisor of 435 and h.
87
Let k be (-5)/((-1441)/1430 + 1). What is the highest common factor of k and 1040?
130
Let v(g) = 574*g + 834. Let r be v(0). What is the greatest common divisor of 278 and r?
278
Let m be 9 + 70/2 - 17. Calculate the highest common factor of 3537 and m.
27
Let v(k) = k**2 - 243*k - 44455. Let s be v(-122). Suppose -5*j + j = -2*f + 80, -5*f - j + 255 = 0. Calculate the highest common factor of s and f.
25
Let p be 8/2*4/16. Suppose 2*b + 11 = b + 3*x, 0 = 4*b - 2*x - 6. Suppose o - 2*z + 6 = 2*o, 3*o - b = z. What is the highest common divisor of p and o?
1
Suppose 0 = -4*t - 846 + 766, t = p - 195. Let u be (-9)/7 - (-2)/7. Let n be (0 - u) + 25 + -1. What is the highest common factor of p and n?
25
Let w = -112 - -60. Let z = 250 + w. Calculate the greatest common factor of z and 66.
66
Suppose 2*n = 4*g + n - 30, 0 = 3*g + n - 26. Let w = 757 - 753. Suppose -g = -w*c + 4. Calculate the highest common divisor of 57 and c.
3
Let t = 854 + -2110. Let c = -1047 - t. What is the highest common divisor of c and 88?
11
Let w(v) = 455*v**2 + 6*v + 7. Let c be w(-1). Suppose 55*p = 59*p - c. Let y be 76 + -1 + -4 + 5. What is the highest common divisor of y and p?
38
Let j = -267 - -285. Let l(n) = n - 176. Let k be l(0). Let q be k/(-6) - j/(-27). Calculate the highest common factor of q and 12.
6
Suppose -28 = -3*u - u. Suppose 0 = -u*x + 3 - 31. Let l be x - (-4 - 16) - -4. What is the highest common factor of l and 5?
5
Suppose 3*t = f - 253, -7*t = -3*f - 10*t + 735. Let x be ((-1)/2*3)/((-33)/572). What is the greatest common factor of f and x?
13
Let y(r) = 48*r**2 - 213*r - 15. Let m be y(5). Calculate the highest common factor of m and 200.
40
Let r = -16232 - -16262. Calculate the highest common factor of r and 4245.
15
Let q = -10694 - -10778. What is the highest common divisor of q and 1812?
12
Let j = -358 - -362. Suppose -f - 4*i + 68 = 0, -j*i = -4*f + 173 + 119. What is the greatest common factor of f and 9?
9
Suppose -509 + 513 = -h. Let x be -8 - -22 - (h/2 + -2). Calculate the greatest common factor of 9 and x.
9
Let n = -18 + -13. Let s = n + 34. Suppose -q - s*q + i + 38 = 0, 0 = -q - 3*i + 3. What is the highest common divisor of 63 and q?
9
Suppose 0 = -4*t - k + 1127, 0 = 4*t + 101*k - 105*k - 1092. What is the highest common divisor of t and 320?
40
Let a = 32 + -28. Suppose -a*z + 126 = 30. Suppose 0 = -5*v + 154 + 266. Calculate the greatest common divisor of z and v.
12
Suppose -2*x + 8 = -5*s - 28, -100 = -4*x - 4*s. Suppose -5*j - 26 = -2*g, g - 1343 + 1340 = 5*j. What is the highest common factor of x and g?
23
Suppose 0 = -15*h + 13*h - 2, -5*w - 3*h + 15032 = 0. Calculate the highest common factor of 62 and w.
31
Suppose -434*s = 96*s - 26*s - 66528. What is the highest common divisor of 96 and s?
12
Let m(n) = -7*n - 38. Let h(l) = 6*l - 1. Let i(k) = -h(k) - m(k). Let o be (-1)/(1 + (-18)/15). Let a be i(o). What is the highest common divisor of a and 4?
4
Let h be 132/1 - ((-198)/(-132))/((-1)/2). Calculate the highest common divisor of 1593 and h.
27
Let a(j) = -j**2 - 168*j + 93. Let q be a(-167). What is the greatest common divisor of q and 640?
20
Let l = -2204 + 2207. Let j(i) = -i**3 + 5*i**2 + 8*i - 4. Let q be j(6). Calculate the highest common factor of q and l.
1
Suppose 2*l = 6*l + 5*g - 5962, 3*l - 4456 = 4*g. Calculate the greatest common divisor of 2 and l.
2
Suppose -26*h + 69475 = 9*h. Suppose -5*u + 2005 = 2*i, u + 2*i + h = 6*u. What is the greatest common divisor of u and 57?
57
Let f be (532/(-21))/((-1)/12). Let u(x) = -x**2 - 9*x + 60. Let l be 10/(-5)*2 - 7. Let k be u(l). What is the highest common divisor of k and f?
38
Suppose 0 = -5*z + 4*t + 15994, 5*z - 24*t + 28*t - 15986